(base 5) in base 12?
-3
Convert -a (base 12) to base 10.
-10
What is -1202 (base 3) in base 6?
-115
What is 4 (base 14) in base 15?
4
What is 3 (base 5) in base 16?
3
What is 414 (base 6) in base 16?
9a
Convert -1 (base 9) to base 7.
-1
What is -4 (base 12) in base 4?
-10
-44 (base 10) to base 3
-1122
Convert 12 (base 4) to base 15.
6
208 (base 11) to base 9
307
What is -1 (base 5) in base 11?
-1
-61 (base 8) to base 3
-1211
-20 (base 13) to base 16
-1a
1b (base 12) to base 13
1a
Convert 28 (base 16) to base 3.
1111
What is -1100 (base 3) in base 9?
-40
201 (base 3) to base 11
18
What is -2 (base 16) in base 15?
-2
Convert 102 (base 3) to base 10.
11
What is 6 (base 11) in base 14?
6
2 (base 8) to base 3
2
Convert 100 (base 3) to base 6.
13
-10 (base 3) to base 2
-11
111 (base 3) to base 16
d
What is -2001 (base 4) in base 15?
-89
-5 (base 11) to base 4
-11
134 (base 7) to base 4
1022
Convert -5 (base 9) to base 16.
-5
4 (base 15) to base 8
4
Convert 11 (base 9) to base 10.
10
-2 (base 11) to base 7
-2
Convert -4 (base 11) to base 2.
-100
What is 13 (base 8) in base 13?
b
-19 (base 15) to base 10
-24
What is 16 (base 16) in base 5?
42
What is 0 (base 16) in base 12?
0
Convert 101 (base 3) to base 4.
22
4 (base 9) to base 14
4
Convert -214 (base 6) to base 2.
-1010010
Convert 23 (base 16) to base 9.
38
Convert 26 (base 14) to base 5.
114
What is -13 (base 5) in base 16?
-8
55 (base 8) to base 16
2d
-211 (base 13) to base 3
-111001
What is 4 (base 6) in base 2?
100
Convert -22 (base 9) to base 16.
-14
-6 (base 12) to base 9
-6
Convert 1 (base 3) to base 12.
1
10010001 (base 2) to base 7
265
Convert 2 (base 11) to base 4.
2
Convert -6 (base 13) to base 12.
-6
-10 (base 12) to base 3
-110
What is 2102 (base 3) in base 16?
41
Convert -15 (base 7) to base 2.
-1100
What is 6 (base 16) in base 10?
6
-15 (base 11) to base 5
-31
11 (base 9) to base 13
a
2 (base 6) to base 4
2
2 (base 9) to base 12
2
-14 (base 6) to base 16
-a
Convert 113 (base 9) to base 7.
162
-6 (base 8) to base 16
-6
What is -1003 (base 4) in base 3?
-2111
-100101 (base 2) to base 10
-37
What is 11 (base 3) in base 13?
4
What is -6 (base 14) in base 9?
-6
-13 (base 5) to base 8
-10
What is 26 (base 11) in base 14?
20
What is -14 (base 10) in base 13?
-11
5 (base 15) to base 14
5
What is -9 (base 15) in base 3?
-100
-5 (base 14) to base 7
-5
43 (base 5) to base 6
35
-1 (base 10) to base 14
-1
Convert -53 (base 7) to base 3.
-1102
-17 (base 11) to base 14
-14
-1003 (base 5) to base 12
-a8
What is -10 (base 11) in base 7?
-14
-10 (base 2) to base 16
-2
What is 13 (base 10) in base 2?
1101
-3 (base 6) to base 7
-3
What is 102 (base 3) in base 10?
11
0 (base 12) to base 5
0
1111 (base 2) to base 13
12
-35 (base 11) to base 12
-32
-4 (base 16) to base 3
-11
What is -3 (base 11) in base 15?
-3
What is -2021 (base 3) in base 5?
-221
Convert -163 (base 10) to base 7.
-322
-22 (base 3) to base 10
-8
What is -33 (base 11) in base 4?
-210
What is -192 (base 10) in base 3?
-21010
What is 10 (base 13) in base 16?
d
What is 0 (base 10) in base 13?
0
32 (base 8) to base 5
101
-10200 (base 3) to base 14
-71
Convert 36 (base 14) to base 9.
53
-4 (base 16) to base 13
-4
What is 6 (base 8) in base 2?
110
What is -23 (base 11) in base 6?
-41
What is 37 (base 8) in base 11?
29
Convert -2 (base 9) to base 16.
-2
What is 48 (base 11) in base 3?
1221
-5 (base 13) to base 7
-5
What is 11010 (base 2) in base 4?
122
11 (base 3) to base 15
4
What is 5 (base 13) in base 7?
5
What is 2 (base 9) in base 4?
2
What is 2 (base 6) in base 14?
2
What is -12 (base 6) in base 14?
-8
Convert -16 (base 8) to base 11.
-13
What is -2 (base 16) in base 15?
-2
Convert -24 (base 9) to base 4.
-112
Convert 10110 (base 2) to base 15.
17
What is 4 (base 7) in base 3?
11
10 (base 4) to base 11
4
What is 13 (base 11) in base 14?
10
-1 (base 16) to base 5
-1
Convert -121 (base 3) to base 2.
-10000
1 (base 12) to base 7
1
Convert -25 (base 14) to base 11.
-30
Convert -100 (base 11) to base 12.
-a1
What is -1 (base 2) in base 13?
-1
-116 (base 11) to base 14
-9c
Convert 43 (base 12) to base 7.
102
-114 (base 14) to base 10
-214
-11 (base 2) to base 3
-10
Convert 6 (base 13) to base 4.
12
-142 (base 11) to base 2
-10100111
-121 (base 3) to base 4
-100
-133 (base 5) to base 14
-31
Convert -12 (base 11) to base 14.
-d
-23 (base 8) to base 16
-13
What is -102 (base 7) in base 12?
-43
-11010 (base 2) to base 3
-222
Convert 1 (base 11) to base 9.
1
Convert 21 (base 11) to base 16.
17
Convert -1031 (base 4) to base 7.
-140
What is 7 (base 11) in base 15?
7
-56 (base 8) to base 9
-51
4f (base 16) to base 5
304
What is -4a (base 11) in base 7?
-105
-7b (base 16) to base 8
-173
-2 (base 5) to base 4
-2
-3 (base 9) to base 5
-3
What is 2 (base 12) in base 13?
2
Convert 100200 (base 3) to base 9.
320
What is -4 (base 5) in base 7?
-4
Convert 10 (base 4) to base 12.
4
Convert 1 (base 5) to base 12.
1
What is -6 (base 12) in base 7?
-6
Convert 22211 (base 3) to base 15.
10d
What is -a6 (base 13) in base 16?
-88
What is -1 (base 16) in base 12?
-1
-5 (base 11) to base 14
-5
Convert -db (base 15) to base 12.
-152
11 (base 10) to base 3
102
Convert 1 (base 4) to base 14.
1
3 (base 6) to base 16
3
-31 (base 7) to base 5
-42
10 (base 9) to base 5
14
Convert 27 (base 11) to base 5.
104
Convert -31 (base 8) to base 6.
-41
Convert -1100 (base 2) to base 15.
-c
Convert 201 (base 4) to base 5.
113
1012 (base 3) to base 6
52
Convert 44 (base 9) to base 5.
130
Convert 2 (base 9) to base 8.
2
4 (base 12) to base 15
4
Convert -1 (base 7) to base 4.
-1
182 (base 12) to base 9
288
What is 47 (base 15) in base 11?
61
-2020 (base 4) to base 13
-a6
What is 211 (base 5) in base 9?
62
0 (base 2) to base 13
0
11 (base 5) to base 7
6
Convert 1010011 (base 2) to base 14.
5d
What is -f (base 16) in base 10?
-15
Convert -3 (base 11) to base 4.
-3
Convert -3 (base 12) to base 9.
-3
What is 10 (base 7) in base 5?
12
What is -17 (base 9) in base 7?
-22
1112 (base 4) to base 15
5b
-1c (base 13) to base 12
-21
112 (base 3) to base 14
10
What is -3 (base 7) in base 2?
-11
-2 (base 3) to base 5
-2
-503 (base 6) to base 12
-133
-23 (base 9) to base 5
-41
Convert 103 (base 7) to base 13.
40
266 (base 8) to base 9
222
-a2 (base 11) to base 2
-1110000
Convert -20 (base 4) to base 3.
-22
-210 (base 3) to base 16
-15
What is 105 (base 6) in base 5?
131
-e (base 15) to base 3
-112
-79 (base 12) to base 16
-5d
Convert -4 (base 11) to base 13.
-4
-3 (base 4) to base 6
-3
Convert 4 (base 12) to base 15.
4
Convert -37 (base 10) to base 9.
-41
278 (base 11) to base 10
327
What is -57 (base 12) in base 16?
-43
Convert -42 (base 13) to base 6.
-130
3 (base 10) to base 11
3
64 (base 10) to base 16
40
-1 (base 3) to base 9
-1
-2 (base 16) to base 11
-2
What is -16 (base 13) in base 12?
-17
Convert -b (base 13) to base 4.
-23
110 (base 2) to base 10
6
Convert 1 (base 2) to base 3.
1
15 (base 16) to base 10
21
What is -10 (base 7) in base 8?
-7
1 (base 7) to base 8
1
40 (base 16) to base 5
224
What is 17 (base 11) in base 15?
13
Convert 36 (base 13) to base 8.
55
Convert 297 (base 11) to base 16.
15c
What is 5 (base 8) in base 3?
12
Convert -9 (base 13) to base 2.
-1001
-10 (base 4) to base 9
-4
What is 5 (base 9) in base 4?
11
Convert a (base 11) to base 9.
11
Convert -2031 (base 4) to base 2.
-10001101
Convert 2 (base 14) to base 7.
2
Convert 2031 (base 5) to base 3.
100212
-75 (base 13) to base 14
-6c
What is -12 (base 6) in base 15?
-8
Convert 1 (base 4) to base 11.
1
What is 11 (base 5) in base 13?
6
What is -21 (base 16) in base 8?
-41
Convert 28 (base 9) to base 10.
26
-16 (base 13) to base 15
-14
Convert -3 (base 5) to base 15.
-3
What is -1111 (base 4) in base 9?
-104
What is -4 (base 10) in base 2?
-100
Convert 12 (base 3) to base 12.
5
2 (base 11) to base 15
2
1211 (base 3) to base 5
144
-43 (base 7) to base 10
-31
What is 2d (base 16) in base 15?
30
-93 (base 12) to base 4
-1233
What is 1014 (base 7) in base 4?
11202
What is -7 (base 14) in base 13?
-7
1 (base 12) to base 6
1
Convert 38 (base 12) to base 4.
230
Convert -34 (base 7) to base 2.
-11001
Convert 20021 (base 3) to base 8.
251
-6 (base 12) to base 5
-11
What is -46 (base 15) in base 9?
-73
Convert 14 (base 5) to base 16.
9
